**2 + 13*l + 30. Let h be y(-4). What is the hundreds digit of 1078/(-3 - (1 - (h + -4)))?
5
Let b(j) = -33*j + 28*j**3 + 36*j - 4 - 2*j**2 - 6*j**3. Let a be b(2). Suppose 10*k = 680 + a. What is the units digit of k?
5
Let n be (0/(-5))/(-4 + 3). Suppose 3*u - 2461 + 685 = n. What is the hundreds digit of u?
5
Suppose 0 = -5*z + 3*l + 15, -z + 0*z + 3 = 5*l. Let x be 252/30 + z/5. Suppose x*h = 4*h - 4*i + 64, 4*i = 4. What is the tens digit of h?
1
Suppose 5*d - 339*d + 13958194 = 0. What is the units digit of d?
1
Suppose 0 = -2*o + 3*k - 897, -o = -5*o + 5*k - 1799. Let f = -354 - o. What is the tens digit of f?
0
Let i(g) = 14*g - 24. Let o be i(10). Let h = o - -51. Suppose 4*j - h = -5*d, -d = -4*j + 71 + 102. What is the units digit of j?
3
Suppose -37*y + 96139 = -131300. What is the thousands digit of y?
6
Let y(z) = -z**2 + 2*z + 18. Let j be y(8). Let h = 41 - j. What is the units digit of h?
1
Suppose -23*c + 850382 = -346446. What is the thousands digit of c?
2
Suppose 12*t - 34 = 26. Suppose 4*v = -v + 3*p + 1926, -5*v - t*p + 1910 = 0. What is the hundreds digit of v?
3
Let v(w) = 40*w - 133. Let q be v(16). Let n = q + -132. What is the units digit of n?
5
Let p(x) = x**3 + 21*x**2 + 7*x + 18. Suppose -63 = 11*c + 36. What is the units digit of p(c)?
7
Let c(u) = 1470*u**2 + 159*u + 449. What is the units digit of c(-3)?
2
Let v(y) = 2*y**3 - 3*y**2 - 16*y - 9. Let s(g) = -g**2 + 1. Let i(p) = 6*s(p) + v(p). Let r be i(7). Let t = 95 + r. What is the hundreds digit of t?
2
Suppose -5*r + 33 = 4*c - 2, -4*c + 5 = -5*r. Suppose -9*d - 3 = -r. Suppose i + 2*q + 31 = 176, d = -3*i - q + 430. What is the units digit of i?
3
Let m be 69/(-4) - 2*1/(-8). Let k = m - -18. What is the tens digit of k + (-3)/6*-68?
3
Let u(r) = -r**3 + 14*r**2 + 47*r + 10. Let o be u(17). What is the tens digit of 1/(6/(-108))*o?
4
Let h(v) = v**2 - v - 7. Let d be h(3). Let i be d*-3*(-23)/(-3). Suppose -i*y + 20*y = -246. What is the units digit of y?
2
Suppose -8*x = -x - 70. Let n(l) = l**2 + 19*l - 20. Let w(z) = -4*z**2 - 56*z + 61. Let t(h) = 7*n(h) + 2*w(h). What is the units digit of t(x)?
2
Let s(z) = -7*z**2 - 1. Let c(m) = -6*m**2 - m. Let q(x) = -6*c(x) + 5*s(x). Let u be q(-7). Suppose -5*t + 24 = -u*t. What is the units digit of t?
8
Suppose -2*n - 2*f - 20 = -3*n, -4*f - 70 = -5*n. Suppose -3*w + n*w - 1232 = 0. Suppose -2*o + 0*m + 70 = -2*m, 5*o - 4*m = w. What is the tens digit of o?
3
Let f = 992 + -673. Let d = f - 182. What is the units digit of d?
7
Suppose r - 9785 = -2*q, -6*r - 4 = -2*r. Suppose 9*u = 849 + q. What is the tens digit of u?
3
Suppose 16*u - 6 = 58. Let k(w) = -w**3 + 10*w**2 - 4*w - 7. What is the tens digit of k(u)?
7
Let f = 188 - 172. Suppose 2*z + 1136 = 4*d, 11*d + 1425 = f*d - 5*z. What is the hundreds digit of d?
2
Let y(b) = 2*b + 1. Let k(d) = 79*d + 4. Let z(h) = -k(h) + 3*y(h). What is the hundreds digit of z(-3)?
2
Let d(c) = 90*c**2 - 317*c + 19. What is the units digit of d(-13)?
0
Let q(l) = l**2 + 5. Let c be q(0). Suppose -20 = 5*s, -5*h - 4 = 5*s + 6. Suppose -h*x - 137 = -6*x + 3*z, 5*x - c*z = 175. What is the units digit of x?
2
Let m = -10 + 14. Suppose m*o - 2*p - 12 = 0, -4*o - p = o - 8. What is the tens digit of ((-24)/15)/(o/(-60))?
4
Let i(v) be the second derivative of 1/20*v**5 + 22*v - 3*v**2 + 1/2*v**4 + 0 - 1/6*v**3. What is the units digit of i(-5)?
4
Suppose 4*h + 79*h - 58477 = 652086. What is the hundreds digit of h?
5
Let w be -1 + 20/(-30)*(-1797)/2. Suppose -4*m + 17*m - w = 0. Suppose -590 = 41*f - m*f. What is the units digit of f?
8
Let g(n) = 2*n**2 - 2*n. Let p be g(7). Suppose 3*r - 3*c + 4*c = -250, 0 = r + c + p. Let o = r - -118. What is the units digit of o?
5
Suppose -47*r + 1861904 = -33*r + 128*r. What is the units digit of r?
2
Suppose 0 = -3*t - 5*s - 700 + 8334, t - 5*s - 2518 = 0. Let r = 3577 - t. What is the thousands digit of r?
1
Suppose g + 3 = -3*g - n, -3*n = 2*g + 9. Suppose -27*o + 17789 + 2515 = g. What is the hundreds digit of o?
7
Suppose 0 = -2*s + 4*a + 64212, 28*a - 26*a = 5*s - 160498. What is the units digit of s?
8
Let n(f) = -f**2 + 4*f + 296. Let y(d) = d**2 + d - 6. Let g be y(2). What is the units digit of n(g)?
6
Suppose 4792913 - 2134976 + 4846875 = 126*q. What is the thousands digit of q?
9
Let r(k) = 29*k + 5. Suppose -16*u + 102 = -13*u. Let x = u - 31. What is the units digit of r(x)?
2
Suppose 3*u + 4 = -2*y, 5*y = -3*u + 2*y - 6. Suppose u = 5*l + 35 - 95. Suppose 185 = l*s - 7*s. What is the tens digit of s?
3
Suppose 0 = 2*f + 110 + 28. Let q be 0/(-19) + -121*1. Let v = f - q. What is the tens digit of v?
5
Let b = -480 + 897. Let m = b + -189. What is the tens digit of m?
2
Let x = 881 + -551. Let w = x - 184. What is the tens digit of w?
4
Let s = 77546 - 53178. What is the units digit of s?
8
Let q(f) = 4*f + 26. Let l be q(10). Let y = -55 + l. Suppose 2760 = y*s + 637. What is the hundreds digit of s?
1
Suppose -15510 = -3789*w + 3783*w. What is the thousands digit of w?
2
Let d(u) = -u**3 - u**2 + 5*u + 2. Let a be d(-3). Suppose 0 = a*k - 7 - 3, -2*o + 2*k + 26 = 0. Suppose 16*z = o*z + 75. What is the units digit of z?
5
Suppose -5*k = -4*k - 3*l - 102, k = -5*l + 134. Let z = k + 224. What is the tens digit of z?
3
Let a(g) = 47*g**2 + 44*g + 287. What is the tens digit of a(-6)?
1
Let x = 229 - -31. Suppose -w - 9*p + 10*p + x = 0, 787 = 3*w + 4*p. What is the hundreds digit of w?
2
Let q = -58801 - -108847. What is the hundreds digit of q?
0
Let k(i) = 0*i**3 - 17*i**2 - 23 - 2*i**3 - 10 + 13*i + 3*i**3. Let b be k(16). What is the units digit of 6/(((-30)/b)/5)?
1
Let v(f) = f**2 + 11*f - 32. Let x be v(-12). Let a be 1/((4/x)/(-1)). Suppose -3*y = 3*n - 246, a*n - 642 = 2*y - 204. What is the units digit of n?
6
Let v = -450 - -978. What is the hundreds digit of 1/(v/(-529) - -1)?
5
Let l(j) = 3*j**3 + 19*j**2 - 37*j - 30. Let p(m) = -16*m**3 - 96*m**2 + 186*m + 151. Let q(h) = -11*l(h) - 2*p(h). What is the units digit of q(-20)?
8
What is the ten thousands digit of (-12)/18*(-3024975)/106?
1
Suppose -2*z = -4*f + 7122, 5*z - 249 = -f + 1526. What is the hundreds digit of f?
7
What is the tens digit of 1/2 - (-1524)/16*656/24?
0
Let k = 1031 + 31284. What is the ten thousands digit of k?
3
Suppose 34*d - 541 = 71. What is the hundreds digit of (-11)/d*-1474 + 8/36?
9
Let o(q) = 913*q - 14. Let g be o(2). Suppose 2*m - 1195 = i, 4*m + 5*i = m + g. What is the hundreds digit of m?
5
What is the tens digit of (9/(-12))/(((-66)/400840)/(48/10))?
6
Let c be 2*(50/4 + 0/(-3)). Suppose -5*r - c = -840. Suppose 99 = 4*l - 3*f - r, 2*l = -5*f + 144. What is the tens digit of l?
6
Let l be ((-35)/(-10) + -3)*4. What is the units digit of 2437/l - (-91)/(-182)?
8
Let n(j) = -3*j**2 + 13*j - 29. Let y be n(8). Let r = y + 133. What is the units digit of (-416)/(-6)*24/r?
4
Let s be 15/(-45) - (-1)/(3/2629). Let p be (-2)/(-15 + 1) + s/(-7). Let z = p - -297. What is the units digit of z?
2
Suppose -8*g - 2*n = -12*g + 32946, -5*g + 2*n + 41180 = 0. What is the thousands digit of g?
8
Let u = -14 + -144. Let i be 16/10 + (3/(-5) - -1). What is the tens digit of -2 - u - (i - 2)?
5
Let v = -9294 + 9227. Suppose -2*x + 0 + 6 = 0, -3*r - 3*x = -480. Let t = r + v. What is the tens digit of t?
9
Suppose 4*s - 295 = 22293. What is the tens digit of s?
4
Suppose c = -2*j + 67, -3*j + 4*c + 37 + 80 = 0. Suppose 41*z - 162 = j*z. What is the tens digit of 1*z + 5/(-7 - -2)?
2
Let r = -13462 + 22544. What is the hundreds digit of r?
0
Let q(x) = -16*x + 81. Let h be q(11). Let d = -89 - h. Let m = d - -294. What is the tens digit of m?
0
Let g(z) = 34*z - 145. Suppose -29*a + 546 = -3*a. What is the tens digit of g(a)?
6
Let z = -30 - -31. Let t(r) = 342*r + 3. Let l be t(z). Suppose -l = -2*w - 3*w + 4*i, -2*i = w - 69. What is the tens digit of w?
6
Let q be 4 - (6 + -10)*(-1)/(-4). Suppose -c = -q*o - 2*c + 454, -5*c + 380 = 4*o. What is the units digit of o?
0
Suppose -17775 = 3*o - 18*o. Let c = o - 330. What is the hundreds digit of c?
8
Let q(l) = 9*l**2 + 15*l - 440. Let d be (1 - -1) + (26 + -12 - 2). What is the units digit of q(d)?
4
Suppose c = -4*q - 0*c + 8, 3*q = 4*c + 25. Suppose -q*i = 278 + 436. What is the h